+ 110?
60cd7
In base 2, what is 111000010000100010 + 10?
111000010000100100
In base 15, what is 31b092 + 1b9?
31b25b
In base 2, what is -100 - -111011001110101000011110?
111011001110101000011010
In base 9, what is 5 + -262366101?
-262366085
In base 9, what is 50 - -162531?
162581
In base 2, what is 11011101101101011 + 10100110?
11011110000010001
In base 13, what is 32 + 37011?
37043
In base 9, what is 582782 + -54?
582727
In base 6, what is -523300 + -45233?
-1012533
In base 8, what is 0 + -22276173?
-22276173
In base 4, what is 2210 + -33331320?
-33323110
In base 2, what is -1100001000001001011110 + 1110?
-1100001000001001010000
In base 9, what is 3775 - -2840?
6725
In base 4, what is 133300201 - 11003?
133223132
In base 2, what is 10 + 11001111101000110100100100?
11001111101000110100100110
In base 11, what is 1 + -650a91?
-650a90
In base 10, what is -91317 - 43?
-91360
In base 9, what is 68467863 - -2?
68467865
In base 13, what is 1799 - -4535?
6001
In base 16, what is -1 + -b102e9?
-b102ea
In base 4, what is -100131313100 + 323?
-100131312111
In base 4, what is -11301220 - 223?
-11302103
In base 4, what is 120100302 + -21?
120100221
In base 6, what is 20251 - -233353?
254044
In base 7, what is -11051000 + 415?
-11050252
In base 15, what is 230a990 + 0?
230a990
In base 3, what is 12 + -12222011001202210?
-12222011001202121
In base 7, what is 11106 + 5215?
16324
In base 8, what is -1573 - -12363?
10570
In base 15, what is -2e93 + 6d7a?
3dd7
In base 11, what is -15446 + 207?
-1523a
In base 13, what is -17052 - -18?
-17037
In base 13, what is -c6 + 1035?
c3c
In base 7, what is 231 - 3405260?
-3405026
In base 4, what is 2 - 133232022013?
-133232022011
In base 2, what is -10100001111100 + 10100000110001?
-1001011
In base 6, what is -4415313 + 122?
-4415151
In base 10, what is 2 - -6233690?
6233692
In base 2, what is -101011110000011 + -111100100101?
-110011010101000
In base 4, what is -3001331213 - -100?
-3001331113
In base 4, what is 10 + -31110231031110?
-31110231031100
In base 16, what is c + 9b79?
9b85
In base 4, what is 2 + -1103203011123?
-1103203011121
In base 12, what is 417 - -48a6?
5101
In base 5, what is 1304141 - -124124?
1433320
In base 6, what is 120 + 324525?
325045
In base 16, what is -4e - a048d?
-a04db
In base 11, what is -438282 + 57?
-438226
In base 10, what is 7145412 - 3?
7145409
In base 6, what is 5025234423 + 0?
5025234423
In base 12, what is 2 + -b615a128?
-b615a126
In base 11, what is 1 - -2417713?
2417714
In base 12, what is -11a388 - -28?
-11a360
In base 11, what is -81 + aa79a?
aa719
In base 14, what is dd60 - 2bd2?
b16c
In base 15, what is -50e736 - 5?
-50e73b
In base 12, what is -1478 + -296?
-1752
In base 5, what is 2 + 14323004324?
14323004331
In base 2, what is -11 - 101010010110101100010?
-101010010110101100101
In base 13, what is -6215 - 843?
-6a58
In base 14, what is 1 - -23360dc?
23360dd
In base 3, what is -200202112 - 12021?
-200221210
In base 5, what is -201444101 + 42?
-201444004
In base 11, what is -2 - -271a742?
271a740
In base 3, what is -1121200 + -101001010220?
-101002202120
In base 3, what is 2200221202001010 - 11?
2200221202000222
In base 4, what is -3232023113 + 1?
-3232023112
In base 15, what is -4bdb - -376?
-4865
In base 13, what is -18 - -47911?
478c6
In base 15, what is 1 + 4590cd?
4590ce
In base 15, what is 5 + -24b2196?
-24b2191
In base 13, what is 3a1cb2a0 + 5?
3a1cb2a5
In base 11, what is 272 + 340234?
3404a6
In base 15, what is -31037 - 8?
-31040
In base 6, what is 10 - 1021412343?
-1021412333
In base 9, what is -1317 + -12515?
-13833
In base 4, what is -12010123 + -20213?
-12031002
In base 13, what is -1145736 - -1?
-1145735
In base 14, what is 4 + -3b445?
-3b441
In base 14, what is -30193 + -1225?
-313b8
In base 14, what is 19c + 3a4a1?
3a65d
In base 16, what is 1655821 - 2?
165581f
In base 6, what is 0 + 213522141?
213522141
In base 11, what is 35 - 106aa45?
-106aa10
In base 13, what is 6c70 + -5061?
1c0c
In base 6, what is -201 - -434440?
434235
In base 6, what is -2050150 + -120035?
-2210225
In base 9, what is 6611345 + -6?
6611338
In base 15, what is -56726e8 - -2?
-56726e6
In base 16, what is -8151ca7 - -3?
-8151ca4
In base 9, what is -36358 + 751?
-35507
In base 6, what is -1321354 - -5001?
-1312353
In base 7, what is -135022 - -25152?
-106540
In base 2, what is -100001001010001111 + -11001101?
-100001001101011100
In base 10, what is -1123 - 14649?
-15772
In base 15, what is -1449 + -a6?
-1500
In base 13, what is -733764 - 44?
-7337a8
In base 11, what is -14586 - 4?
-1458a
In base 5, what is 12 + -12011012004?
-12011011442
In base 4, what is -2020333000 + -211?
-2020333211
In base 14, what is -3 - -25a725?
25a722
In base 3, what is -1 + 2010021221120010?
2010021221120002
In base 14, what is -27b9 + 16c?
-264b
In base 15, what is 1 - d1d851?
-d1d850
In base 6, what is 212 - -354340?
354552
In base 3, what is 2 + 1021221002101022?
1021221002101101
In base 16, what is 2 - -2f07a?
2f07c
In base 13, what is 5c35972 + -11?
5c35961
In base 16, what is 37a6 - -2a4?
3a4a
In base 14, what is 5003c - 54?
4ddc8
In base 5, what is -132 - -1330433230?
1330433043
In base 3, what is -12 + -10222211111220?
-10222211112002
In base 12, what is b422a - -118?
b4346
In base 15, what is -2 - -7bddd6?
7bddd4
In base 6, what is 10013425 - -1441?
10015310
In base 12, what is 4 - 735720?
-735718
In base 13, what is -2a144 - -9?
-2a138
In base 12, what is 90574 + -237?
90339
In base 4, what is 0 + -3300330113?
-3300330113
In base 7, what is -12412336 - 22?
-12412361
In base 9, what is 24 - 343213?
-343178
In base 16, what is -5b63497 - 4?
-5b6349b
In base 2, what is 1011 + -10000100001111111001101?
-10000100001111111000010
In base 13, what is 30ca + -1407?
19c3
In base 3, what is -2121122 - 120211211?
-200110110
In base 12, what is -75 - 164063?
-164118
In base 8, what is -544466 + 64?
-544402
In base 16, what is -8d - 22a97?
-22b24
In base 4, what is -11 - 1300321130223?
-1300321130300
In base 10, what is -76378 + -20?
-76398
In base 7, what is -4 + -146134314?
-146134321
In base 4, what is -3332201 + -33300?
-10032101
In base 12, what is 10b51ba + -5?
10b51b5
In base 7, what is -35063 + -1026?
-36122
In base 10, what is -112298 + -64?
-112362
In base 7, what is 1013 - 216513?
-215500
In base 13, what is -3c49737 - -4?
-3c49733
In base 16, what is -870c9 - -466?
-86c63
In base 14, what is -4b - 441c1d?
-441c6a
In base 9, what is -643322701 - 2?
-643322703
In base 11, what is -210 - 5324?
-5534
In base 9, what is -3421500 - 2?
-3421502
In base 8, what is 407023 + 236?
407261
In base 6, what is 305 - 5541543?
-5541234
In base 12, what is -4 + 8b90b163?
8b90b15b
In base 11, what is 9 - a728840?
-a728832
In base 11, what is -90153 + -77a?
-90922
In base 5, what is -3012 + -1412413?
-1420430
In base 4, what is -13033110 - -1103?
-13032001
In base 9, what is 6 + -185213418?
-185213412
In base 14, what is -67bdd8 + -2?
-67bdda
In base 7, what is 3 - 45342642?
-45342636
In base 8, what is -3046530 - -750?
-3045560
In base 2, what is 1001110111011000100 - 1100000?
1001110111001100100
In base 11, what is 3158748 - 26?
3158722
In base 8, what is 56041 - -1511?
57552
In base 9, what is -2 - -13020186?
13020184
In base 16, what is -1 + dd83e2e?
dd83e2d
In base 2, what is 1110001011000111100101110 - 10?
1110001011000111100101100
In base 13, what is -4296 - -1691?
-2905
In base 12, what is 126b - 3591?
-2322
In base 16, what is -492a + e21?
-3b09
In base 6, what is 310 - 330425?
-330115
In base 10, what is 2 + -22638809?
-22638807
In base 3, what is -1022110112 + -221121?
-1100102010
In base 11, what is 4 + 17616603?
17616607
In base 9, what is -232346 - -73?
-232263
In base 6, what is 233 + -25135?
-24502
In base 7, what is -3202423203 - -3?
-3202423200
In base 4, what is -10120211 + -30332?
-10211203
In base 2, what is 110011100010110001100100 + 0?
110011100010110001100100
In base 2, what is -100001101 - -1001101110001110?
1001101010000001
In base 6, what is 24 - -1214321?
1214345
In base 11, what is 1067a7744 - -3?
1067a7747
In base 12, what is -1b77 - -7200?
5245
In base 5, what is 310244 - -2124?
312423
In base 2, what is -1100111011 + -100101110010100001?
-100101111111011100
In base 15, what is -9 + -24e3139?
-